
120515
44232 (base 5) to base 6
22111
Convert 1111110 (base 3) to base 9.
1443
What is 361 (base 9) in base 14?
174
What is -1101200 (base 3) in base 7?
-2652
-340a (base 11) to base 16
-1187
Convert 3b7 (base 12) to base 6.
2351
Convert -10215 (base 7) to base 2.
-100111001111
-1201401 (base 5) to base 7
-121302
What is -201200 (base 3) in base 11?
-443
Convert 266 (base 7) to base 8.
222
33320 (base 4) to base 5
13031
What is -242253 (base 7) in base 3?
-2020102010
Convert -25b (base 12) to base 2.
-101100111
Convert 1110100100111001 (base 2) to base 7.
336032
What is 4022 (base 9) in base 5?
43221
Convert 744 (base 9) to base 15.
2a7
What is -1000210 (base 3) in base 4?
-23232
What is 101011101100000 (base 2) in base 5?
1203433
What is -200 (base 13) in base 6?
-1322
What is 1131 (base 11) in base 7?
4222
Convert -12031111 (base 4) to base 16.
-6355
Convert c31 (base 14) to base 6.
15031
Convert 32704 (base 9) to base 7.
120205
What is -3110233 (base 4) in base 15?
-407a
What is -2069 (base 10) in base 5?
-31234
What is -523315 (base 6) in base 10?
-42239
13a3 (base 15) to base 3
12202200
What is -1001101011 (base 2) in base 10?
-619
Convert -4224 (base 5) to base 9.
-686
Convert -4365 (base 8) to base 10.
-2293
Convert -10000110011 (base 2) to base 9.
-1424
159 (base 10) to base 12
113
-24965 (base 11) to base 12
-18846
What is 21101 (base 4) in base 7?
1505
Convert -132121 (base 6) to base 11.
-9141
What is -12011202 (base 3) in base 6?
-25245
Convert 10111101001 (base 2) to base 3.
2002001
Convert -464 (base 11) to base 12.
-3a2
-ab7 (base 13) to base 12
-1094
3113201 (base 4) to base 14
5053
Convert 8790 (base 11) to base 12.
6862
What is -20a4 (base 11) in base 14?
-1024
What is 20022 (base 4) in base 3?
201100
Convert -16005 (base 11) to base 15.
-6a8c
What is 2401 (base 8) in base 16?
501
-128 (base 16) to base 15
-14b
Convert 8 (base 14) to base 15.
8
Convert -3243 (base 5) to base 8.
-700
-13235 (base 7) to base 8
-6742
What is -297 (base 11) in base 3?
-110220
Convert -11110101 (base 2) to base 4.
-3311
-1000110101111101 (base 2) to base 15
-aaeb
What is -101101100001101 (base 2) in base 4?
-11230031
13303123 (base 4) to base 5
2010323
21513 (base 6) to base 13
1497
5166 (base 12) to base 11
6727
Convert -101100111110010 (base 2) to base 16.
-59f2
559a (base 12) to base 14
3650
32000133 (base 4) to base 11
3a11a
What is -2330431 (base 5) in base 4?
-22121320
1612a (base 12) to base 8
75062
What is -4977 (base 10) in base 5?
-124402
Convert -10a9 (base 11) to base 6.
-10414
-102212 (base 3) to base 5
-2240
-375 (base 9) to base 14
-183
What is 2311221 (base 4) in base 9?
16846
What is -105415 (base 6) in base 11?
-6852
Convert 4c1 (base 15) to base 16.
439
-102045 (base 6) to base 2
-10000000101101
What is 18354 (base 10) in base 7?
104340
Convert 3d7 (base 14) to base 9.
1053
Convert -3127 (base 8) to base 13.
-97b
What is -1120122100 (base 3) in base 9?
-46570
-835 (base 16) to base 13
-c58
Convert -12251 (base 6) to base 11.
-1415
Convert 1521151 (base 6) to base 10.
88411
What is 10032 (base 5) in base 8?
1202
What is -7475 (base 8) in base 2?
-111100111101
Convert -1bdb (base 14) to base 15.
-1798
-1e1d (base 15) to base 13
-2ca1
-16167 (base 10) to base 15
-4bcc
-124113 (base 5) to base 10
-4908
Convert 3c6 (base 15) to base 8.
1535
Convert 2001 (base 4) to base 8.
201
Convert 8fa9 (base 16) to base 13.
13980
What is -10010001001100 (base 2) in base 3?
-110202011
What is -22d (base 15) in base 11?
-409
Convert -101311 (base 8) to base 16.
-82c9
4303 (base 6) to base 5
12400
Convert -30b (base 13) to base 5.
-4033
-67c (base 16) to base 15
-75a
What is -4c2a (base 16) in base 8?
-46052
What is -18 (base 11) in base 4?
-103
Convert -20728 (base 10) to base 6.
-235544
-10b90 (base 12) to base 10
-22428
Convert -224 (base 13) to base 7.
-1034
29a (base 13) to base 6
2053
Convert 2c95 (base 15) to base 9.
14135
-4232 (base 7) to base 14
-789
Convert 3131 (base 6) to base 12.
4a7
Convert 101 (base 8) to base 9.
72
64a (base 12) to base 4
32122
What is -10a2 (base 15) in base 6?
-24155
What is -1220 (base 11) in base 13?
-959
Convert -5000 (base 7) to base 14.
-8a7
-301 (base 5) to base 4
-1030
Convert -3122 (base 4) to base 13.
-13a
What is -1b9c (base 15) in base 12?
-3579
What is 3c0b (base 15) in base 9?
18542
Convert -57bf (base 16) to base 12.
-10bbb
What is -175 (base 9) in base 10?
-149
Convert -10110110001 (base 2) to base 4.
-112301
What is -2413 (base 5) in base 7?
-1021
Convert -7536 (base 13) to base 15.
-4c49
Convert -204 (base 15) to base 13.
-28c
100011220 (base 3) to base 7
25341
Convert -331223 (base 5) to base 15.
-35c8
Convert -311021 (base 6) to base 4.
-12010111
Convert -1b211 (base 12) to base 7.
-224515
9d31 (base 14) to base 2
110101010010111
Convert 123044 (base 6) to base 14.
404c
What is 5d2 (base 14) in base 9?
1533
Convert -6766 (base 8) to base 15.
-10d4
2ca (base 15) to base 10
640
What is 8b0 (base 15) in base 7?
5505
Convert 6ab0 (base 15) to base 3.
1011002110
-3a7 (base 14) to base 11
-609
What is -265 (base 12) in base 9?
-445
Convert -10225 (base 7) to base 15.
-b2d
Convert -1016 (base 8) to base 10.
-526
Convert -1726 (base 16) to base 5.
-142201
Convert 451 (base 16) to base 5.
13410
What is -201211 (base 3) in base 7?
-1363
Convert 14149 (base 11) to base 15.
5e79
What is -b44 (base 12) in base 6?
-11324
-485 (base 9) to base 8
-621
Convert -32122 (base 4) to base 10.
-922
-48 (base 11) to base 14
-3a
What is 10a8 (base 13) in base 7?
6544
Convert a46 (base 13) to base 2.
11011010100
What is -10100100111001110 (base 2) in base 5?
-10200210
Convert -893 (base 14) to base 10.
-1697
What is -9a (base 13) in base 14?
-91
Convert 84a (base 16) to base 3.
2220121
5467 (base 13) to base 5
333441
Convert 524 (base 8) to base 5.
2330
-23d4 (base 16) to base 14
-34b2
-12230 (base 4) to base 2
-110101100
108 (base 10) to base 11
99
56132 (base 7) to base 15
42c5
-1311133 (base 5) to base 10
-25793
What is -23443 (base 6) in base 2?
-110101010011
-1312040 (base 5) to base 12
-12b9b
-1001112002 (base 3) to base 8
-50470
What is 1475 (base 11) in base 14?
997
What is -507 (base 10) in base 15?
-23c
-5866 (base 9) to base 16
-1101
What is 526 (base 10) in base 4?
20032
Convert 308 (base 10) to base 8.
464
-30225 (base 8) to base 11
-9387
229 (base 12) to base 5
2241
What is -125621 (base 7) in base 2?
-101110001010001
Convert 4524 (base 7) to base 13.
98a
Convert 6101 (base 7) to base 15.
958
Convert 1010001100100 (base 2) to base 3.
21011100
100011222 (base 3) to base 5
203240
Convert -40c (base 13) to base 7.
-2002
What is 24047 (base 12) in base 4?
23310313
Convert 15c (base 15) to base 10.
312
1101000100010 (base 2) to base 14
261c
-2431 (base 8) to base 10
-1305
Convert 1121 (base 5) to base 11.
137
211303 (base 8) to base 7
412033
What is 123333 (base 4) in base 5?
24131
-62a (base 11) to base 2
-1011110110
Convert -6405 (base 7) to base 10.
-2259
2030 (base 7) to base 10
707
Convert -121 (base 14) to base 8.
-341
What is 428b (base 15) in base 5?
422311
Convert 1408 (base 11) to base 13.
aa3
c52 (base 16) to base 3
11022211
Convert -13013131 (base 4) to base 10.
-29149
What is 8534 (base 14) in base 8?
54702
What is -2cdf (base 16) in base 5?
-331422
-293 (base 12) to base 10
-399
What is -1110100110101111 (base 2) in base 9?
-101050
What is -27d (base 16) in base 12?
-451
Convert -a922 (base 11) to base 12.
-841b
What is -11325 (base 9) in base 10?
-7556
-537 (base 8) to base 14
-1b1
-2222020 (base 3) to base 6
-14010
What is -71a (base 11) in base 5?
-11433
Convert 1096 (base 12) to base 2.
11100110010
1aaa1 (base 11) to base 15
8a17
What is 4543 (base 8) in base 3?
10022000
What is 1214 (base 5) in base 12?
134
What is -2100 (base 6) in base 15?
-213
Convert -12659 (base 12) to base 7.
-133152
5525 (base 8) to base 14
10b3
5cc (base 13) to base 8
1765
265 (base 10) to base 7
526
-21053 (base 6) to base 5
-42331
Convert c63 (base 14) to base 5.
34224
What is 2db (base 14) in base 6?
2413
What is 1443 (base 7) in base 10?
570
22c (base 14) to base 3
121000
Convert 1296 (base 13) to base 6.
20150
10202120 (base 3) to base 11
2073
24c (base 16) to base 9
723
Convert 357 (base 9) to base 7.
601
W